{"id":13,"date":"2020-12-20T13:32:12","date_gmt":"2020-12-20T12:32:12","guid":{"rendered":"http:\/\/podkarpackalewica.pl\/?page_id=13"},"modified":"2020-12-23T11:28:47","modified_gmt":"2020-12-23T10:28:47","slug":"kontakt","status":"publish","type":"page","link":"https:\/\/podkarpackalewica.pl\/index.php\/kontakt\/","title":{"rendered":"Kontakt"},"content":{"rendered":"\n<p><strong>Adres<\/strong><br>ul. Ks. Ja\u0142owego 31<br>Rzesz\u00f3w, 35-010<\/p>\n\n\n\n<p><strong>Godziny otwarcia<\/strong><br>Poniedzia\u0142ek\u2014pi\u0105tek: 8:00\u201316:00<\/p>\n\n\n\n<p><a href=\"https:\/\/www.google.com\/search?rlz=1C1AWUA_enPL907PL907&amp;sxsrf=ALeKk00yxj4KXOy-Ixpyyhz5GQiZLz10tQ:1608719126996&amp;q=nowa+lewica.+podkarpacka+rada+wojew%C3%B3dzka+rzesz%C3%B3w+telefon&amp;ludocid=2039786954903656733&amp;sa=X&amp;ved=2ahUKEwiFiu7g8ePtAhXD2eAKHU0qDcQQ6BMwFXoECBgQAg\">Telefon<\/a>:\u00a0<a href=\"https:\/\/www.google.com\/search?q=podakrapcka+lewica&amp;rlz=1C1AWUA_enPL907PL907&amp;oq=podakrapcka+lewica&amp;aqs=chrome..69i57.2852j1j4&amp;sourceid=chrome&amp;ie=UTF-8#\">17 853 73 50<\/a><\/p>\n","protected":false},"excerpt":{"rendered":"<p>Adresul. Ks. Ja\u0142owego 31Rzesz\u00f3w, 35-010 Godziny otwarciaPoniedzia\u0142ek\u2014pi\u0105tek: 8:00\u201316:00 Telefon:\u00a017 853 73 50<\/p>\n","protected":false},"author":1,"featured_media":0,"parent":0,"menu_order":0,"comment_status":"closed","ping_status":"closed","template":"","meta":{"colormag_page_layout":"default_layout","footnotes":""},"class_list":["post-13","page","type-page","status-publish","hentry"],"_links":{"self":[{"href":"https:\/\/podkarpackalewica.pl\/index.php\/wp-json\/wp\/v2\/pages\/13","targetHints":{"allow":["GET"]}}],"collection":[{"href":"https:\/\/podkarpackalewica.pl\/index.php\/wp-json\/wp\/v2\/pages"}],"about":[{"href":"https:\/\/podkarpackalewica.pl\/index.php\/wp-json\/wp\/v2\/types\/page"}],"author":[{"embeddable":true,"href":"https:\/\/podkarpackalewica.pl\/index.php\/wp-json\/wp\/v2\/users\/1"}],"replies":[{"embeddable":true,"href":"https:\/\/podkarpackalewica.pl\/index.php\/wp-json\/wp\/v2\/comments?post=13"}],"version-history":[{"count":2,"href":"https:\/\/podkarpackalewica.pl\/index.php\/wp-json\/wp\/v2\/pages\/13\/revisions"}],"predecessor-version":[{"id":48,"href":"https:\/\/podkarpackalewica.pl\/index.php\/wp-json\/wp\/v2\/pages\/13\/revisions\/48"}],"wp:attachment":[{"href":"https:\/\/podkarpackalewica.pl\/index.php\/wp-json\/wp\/v2\/media?parent=13"}],"curies":[{"name":"wp","href":"https:\/\/api.w.org\/{rel}","templated":true}]}}

<p><strong>Adres</strong><br>ul. Ks. Jałowego 31<br>Rzeszów, 35-010</p>



<p><strong>Godziny otwarcia</strong><br>Poniedziałek—piątek: 8:00–16:00</p>



<p><a href="https://www.google.com/search?rlz=1C1AWUA_enPL907PL907&amp;sxsrf=ALeKk00yxj4KXOy-Ixpyyhz5GQiZLz10tQ:1608719126996&amp;q=nowa+lewica.+podkarpacka+rada+wojew%C3%B3dzka+rzesz%C3%B3w+telefon&amp;ludocid=2039786954903656733&amp;sa=X&amp;ved=2ahUKEwiFiu7g8ePtAhXD2eAKHU0qDcQQ6BMwFXoECBgQAg">Telefon</a>: <a href="https://www.google.com/search?q=podakrapcka+lewica&amp;rlz=1C1AWUA_enPL907PL907&amp;oq=podakrapcka+lewica&amp;aqs=chrome..69i57.2852j1j4&amp;sourceid=chrome&amp;ie=UTF-8#">17 853 73 50</a></p>

<p>Adresul. Ks. Jałowego 31Rzeszów, 35-010 Godziny otwarciaPoniedziałek—piątek: 8:00–16:00 Telefon: 17 853 73 50</p>
